s the remainder when b is divided by 16?
13
Suppose -k = 2*k - 21. Let l = 10 - k. Calculate the remainder when l is divided by 2.
1
Let c = -12 - -17. Let u(i) = 4*i. What is the remainder when u(2) is divided by c?
3
Let g(q) = -q**3 - 8*q**2 - 6*q. Let b be g(-7). Let j = b - -10. Let a(k) = -k**3 + 3*k**2 + 2*k + 1. What is the remainder when a(j) is divided by 3?
1
Let w be 2/4 - 234/4. Let t = -31 - w. What is the remainder when t is divided by 10?
7
Let v(o) = 3*o + 3. Let k be v(-5). What is the remainder when (k - (-3)/1)*-1 is divided by 6?
3
What is the remainder when 42 is divided by 14/21 + 64/3?
20
Let g(q) be the third derivative of 0 - 1/24*q**4 + 0*q + 3*q**2 + 1/6*q**3. What is the remainder when g(-10) is divided by 6?
5
Let t(z) be the third derivative of z**6/120 - 7*z**5/60 + z**4/8 + 3*z**2. Calculate the remainder when t(7) is divided by 12.
9
Suppose 2*b = -0*b. Suppose -i - w - 2 + 67 = b, 3*i - 187 = -w. What is the remainder when i is divided by 21?
19
Let o = -6 - -36. Calculate the remainder when o is divided by (-23)/(-2) - (-3)/(-6).
8
Let w(c) = -3*c**3 - c**2. Let i = -10 + 9. Let z be w(i). Suppose -4*v - 5*x + 78 = -2*v, z*x - 153 = -5*v. Calculate the remainder when v is divided by 8.
5
Let f(p) = -p**2 - 3*p - 8. Let n be f(8). Let y = -2 - -138. Let j = n + y. Calculate the remainder when j is divided by 14.
12
Suppose -2*h + 2*p + 0 = 6, 15 = 3*p. Suppose b - 6*b - 5*f - 55 = 0, h*f - 8 = 0. Calculate the remainder when 22 is divided by 2/(-5) - 126/b.
6
Let j = 0 - -8. Suppose -11*m = -j*m - 105. Let y = 31 - 19. Calculate the remainder when m is divided by y.
11
Let a(t) = -13*t - 17. Calculate the remainder when a(-7) is divided by 11.
8
Suppose -10*h + 61 + 99 = 0. Calculate the remainder when 54 is divided by h.
6
Suppose -3*o - 3 = -0, 2*b = o - 41. Suppose -3*d + 125 + 16 = 0. Let q = d + b. What is the remainder when q is divided by 9?
8
Let a(s) = 3 + s**2 - 3*s**3 - 4*s**3 - 4. Calculate the remainder when 26 is divided by a(-1).
5
Let c(l) = -l**2 - 5*l + 2. Let k be c(-5). Suppose 2*r = -k*h - 28 - 0, -55 = 5*r + 2*h. Let s = r + 43. Calculate the remainder when s is divided by 12.
10
Suppose b + 0*b = 0. Suppose -d = 2, b = -2*z - 3*z + 3*d + 71. What is the remainder when 37 is divided by z?
11
Let v(b) = -8*b + 2. Let u(m) = -m**3 + m - 1. Let x be u(-2). Let r = x - -30. Calculate the remainder when r is divided by v(-2).
17
Let u = 7 + 0. Suppose -5*x = q - 2*q - 22, x - 4*q = -u. Let o = x + 5. What is the remainder when 29 is divided by o?
9
Let c(k) = k**3 - 7*k**2 + 3*k + 2. What is the remainder when c(7) is divided by 8?
7
Suppose w - 33 = -2*q, w + 0 = 5*q + 12. What is the remainder when w is divided by 168/18*3/2?
13
Suppose n - 6*n = 0. Calculate the remainder when (-2)/(6/(-81) + n) is divided by 14.
13
Suppose -4*u = -h - 10 + 21, 0 = 2*h - 3*u - 27. Calculate the remainder when (-15)/5 - (-1 + -31) is divided by h.
14
Let s(x) = -x**2 + 6*x + 3. Suppose -u - 3 = -z, 3*u + 7*z = 2*z + 31. Calculate the remainder when s(6) is divided by u.
1
Suppose 116*g = 118*g - 78. What is the remainder when g is divided by 21?
18
Suppose 5*n + 145 = 2*o, 0 = -2*o - o + 3*n + 222. Calculate the remainder when o is divided by 38.
37
Let b = 1 - 1. Let n = b - -23. Let z = 36 - n. What is the remainder when 37 is divided by z?
11
Suppose 2*k - 7 - 1 = 0. Suppose l + 114 = k*l. Let g(j) = j**2 + 5*j + 7. What is the remainder when l is divided by g(-6)?
12
Suppose -5*q + 105 + 50 = 0. Let y = -35 - -158. Calculate the remainder when y is divided by q.
30
Let w = 3 + 3. Let f(z) = -2*z - 7. What is the remainder when w is divided by f(-5)?
0
Let x = 52 + 3. Calculate the remainder when x is divided by 28.
27
Let o(d) = d. Calculate the remainder when (-1)/((-76)/36 + 2) is divided by o(5).
4
Let q = 36 + -26. Suppose 3*a + 16 = -2*o, -a - q = 4*a. Calculate the remainder when 21 is divided by (-10)/(-25) + (-53)/o.
10
Suppose 0 = -4*y + 5*u + 964, -940 = -4*y - 3*u + 2*u. What is the remainder when y is divided by 34?
32
Let l = -129 + 372. Suppose -3*k + l + 4 = 4*z, 0 = 2*z - k - 131. Calculate the remainder when z is divided by 22.
20
Suppose 13 + 11 = 2*z. Let g be 6*1*6/z. Suppose 2*u = g*u - 15. What is the remainder when 28 is divided by u?
13
Let d(w) = 33*w - 4 + 1 + 2. Let t be d(1). Let k = t + 1. Calculate the remainder when k is divided by 17.
16
Let z = -11 - -33. What is the remainder when z is divided by 10?
2
Suppose -j - 2*f + 27 = 0, 7*j + 4*f = 4*j + 87. What is the remainder when j is divided by 5?
3
Suppose m + 4 = d, m = 3*m. Suppose a + 50 = 2*a + 2*u, -5*a + d*u + 194 = 0. What is the remainder when a is divided by 11?
9
Let f = 1 + 2. What is the remainder when f is divided by 1?
0
Suppose 3*g = 2*v + 2 - 5, 0 = -2*g - v - 9. Calculate the remainder when 18 is divided by 1/(44/14 + g).
4
Let a be ((-34)/5)/(1/(-5)). What is the remainder when (-2)/(98/a + -3) is divided by 9?
8
Suppose -9 = -5*l + 1. Suppose -2*t + 3*d - 4*d = 20, 40 = -3*t - 4*d. Let f = 11 + t. Calculate the remainder when f is divided by l.
1
What is the remainder when 24 is divided by (22 - 7) + (-2)/1?
11
Let l(s) = -s**2 + 8*s - 3. Let v be l(7). Calculate the remainder when 19 is divided by ((-28)/(-10))/(v/10).
5
Suppose -3*t - 19 + 1 = 0. Calculate the remainder when 37 is divided by 2/t*0 - -10.
7
What is the remainder when 39 is divided by (-72)/(-4) - 2 - 2?
11
Suppose 75 = q + 28. Let k = q - 18. Suppose 2*j = -4*r + 70, 149*j - 152*j = 4*r - 73. What is the remainder when k is divided by r?
13
Let k be 22 - (-16)/(-12)*-3. Let d = -21 + k. What is the remainder when d is divided by 3?
2
Let b = 159 + -142. Calculate the remainder when 81 is divided by b.
13
Suppose -1 = -4*m + 11. Let h(n) = -n**2 + 5*n - 2. Let l = 0 + 10. What is the remainder when l is divided by h(m)?
2
Calculate the remainder when (-80)/(-6)*(-2 - -5) is divided by 2*(1 - -1) + 10.
12
Let v = -1 + 2. Let i(y) = 2 + y + 19*y**2 - 3 - 3*y**2. What is the remainder when i(v) is divided by 9?
7
Let l = 69 + -41. Calculate the remainder when 111 is divided by l.
27
Let b(d) = d**2 + 5*d - 10. Let o be b(-7). Suppose 2*s - 2*a - 110 = -2*s, o*s = 4*a + 108. What is the remainder when 55 is divided by s?
27
Let j be -1 + (-4 - -61 - 4). Suppose y = -3*y + j. Calculate the remainder when 36 is divided by y.
10
Suppose -2*c + 64 - 8 = 0. Let l = 28 + -20. Calculate the remainder when c is divided by 2/5*5 + l.
8
Suppose 2*u - i = -u - 6, -6 = 2*i. Let g(n) = -n**2 - 7*n - 1. What is the remainder when 42 is divided by g(u)?
9
Let x be (-3)/6*-2 - -6. Let q(h) = h**3 - 8*h**2 + 9*h - 4. What is the remainder when 38 is divided by q(x)?
8
Let b = 58 - 105. Let p = b - -80. Suppose 7*u - p = 4*u. Calculate the remainder when 31 is divided by u.
9
Calculate the remainder when 42/(-5)*80/(-12) is divided by 19.
18
Suppose 4*p + 0*l = -l + 237, -p + 4*l + 72 = 0. Suppose -o + 31 = 3*c + o, 5*o = -5*c + p. What is the remainder when 11 is divided by c*(-5)/((-70)/12)?
5
Let j(n) = 2*n + 14. Let m be j(-10). Let t(i) = -6*i - 13. What is the remainder when 43 is divided by t(m)?
20
Let h = -12 - -46. Suppose 2*g = -i + 28, 0*g = i - 4*g - h. Calculate the remainder when i is divided by 16.
14
Let s(a) = 334*a**3 - a. Let n be s(-1). Let b be (-1)/(-5) - n/(-15). Calculate the remainder when (b/6)/(2/(-18)) is divided by 12.
9
Let f = -38 - -55. Let q(s) be the first derivative of s**3/3 + s**2/2 + 9*s - 5. What is the remainder when f is divided by q(0)?
8
Suppose y + 2 - 9 = 0. What is the remainder when 2/(-8) + (-315)/(-12) is divided by y?
5
Suppose 4 - 85 = -3*p. Let z(q) = -13*q - 8. Let d be z(-6). Suppose 4*l - d = -l. Calculate the remainder when p is divided by l.
13
Let w(x) = x**2 + x - 3. Let u be w(4). Suppose 2*z + 13 = -u. Let o = z + 24. What is the remainder when o is divided by 5?
4
Let r(n) = n + 3. Let f be r(-4). Let y = f + 3. Suppose -5*g = i - 258, -y*i - 3*i = 4*g - 219. Calculate the remainder when g is divided by 13.
12
Let k = -24 + 15. What is the remainder when 2/(4/38) + -2 is divided by -1 - k - (2 - 3)?
8
Let n(q) = -q + 4. What is the remainder when 5 is divided by n(-1)?
0
Suppose 0 = -3*q - 